(-1 - -3) + 7).
-12
28 + -21 - (-2 - -14)
-5
What is -6 - -11 - 1 - 8?
-4
Calculate -11 - 13 - (12 + -39).
3
Calculate 36 - (-2 - (-28 - -1)).
11
-1 - (-5 + 11) - (0 + -14)
7
-9 + (7 - 10) + -3 + (7 - 2)
-10
What is -11 + 10 + 7 - -9 - (2 - -1)?
12
Calculate 1 - -8 - 1 - (3 + -6).
11
Calculate 20 + -2 - (-1178 + 1209).
-13
What is -1 + 1 - (1 + (3 - 4))?
0
What is (-23 - 2) + 2 + 1 + (0 - 0)?
-22
Calculate 5 + -7 + -7 - -12.
3
Calculate (9 + -2 - (32 - 21)) + (-9 - -3).
-10
What is the value of (-3 - -1) + (-383 - -397)?
12
What is the value of -21 + 36 + (-1 - 1)?
13
(-4 + -3 - ((7 - 11) + 2)) + 13
8
Calculate 8 + -5 + 5 + 6 + 13.
27
Evaluate (32 - -1 - 18) + -12.
3
What is the value of -2 - (-3 - -11) - (-10 - 25)?
25
30 - (-23 + 17 + 13)
23
What is 3 + -46 + 98 + -59?
-4
What is the value of 17 + -11 - (3 - 4 - -12)?
-5
What is the value of -4 + 0 + -2 - (-2 - -5)?
-9
What is the value of -21 + 17 + (-1 + 14 - -1)?
10
What is the value of -2 - -2 - (-3 + -9 + 7 - -7)?
-2
What is -22 - (13 + -38 - 10)?
13
15 - (13 + 17 + -19)
4
What is 7 - (8 - (5 + -1 + 3))?
6
Evaluate (-8 - 0) + -49 + (26 - -29).
-2
What is (-3 - (0 - 0)) + (-327 - -318)?
-12
Evaluate 5 + 3 + 21 - 10.
19
What is -27 + 34 + -18 + -4?
-15
26 + -4 + -48 - -39
13
-13 + (11 - -4) + -13
-11
Calculate 236 + -251 - (1 - 24).
8
Evaluate 12 + -23 - (-29 - -47).
-29
Calculate 2 + (-12 + 14 - 8 - (-1 + 8)).
-11
Evaluate (7 + -7 - 5) + -1 + (1 - -4).
-1
Evaluate -31 - ((19 - 5) + -16 + 13) - -11.
-31
What is the value of ((0 - 0) + 10 - 0) + (541 - 537)?
14
What is the value of -14 + (4 - -1) + 1 + 1?
-7
17 + -1 - (11 + (8 - (10 + 8)))
15
What is -31 + -101 + 152 + (-1 - 3) + 0?
16
What is the value of -25 - ((-17 - -32) + -32)?
-8
Evaluate -59 - -43 - (1 + -6 + 2 + 3).
-16
Calculate -18 + (-45 - -89) + -37.
-11
What is the value of -9 - -35 - 11 - 8?
7
Evaluate -6 - ((7 - 26) + 10).
3
What is the value of (-6 - -5) + 0 + -2 + 7 + -19?
-15
-34 - -31 - (-2 + -23)
22
-3 - ((4 - 4) + -2 + (21 - 30))
8
What is the value of 1 - (-3 - (9 - 15) - 0)?
-2
What is 0 + -6 - (-310 - -317)?
-13
(17 - (-62 - -82)) + -12 + 0
-15
What is (12 + -19 - -35) + -37?
-9
-9 - 10 - (5 + -12)
-12
Calculate (16 - 10) + 1 + -7 - (-2 - -6).
-4
What is the value of (9 + -35 - -13) + 15?
2
What is the value of -4 - (5 - (-5 - -10))?
-4
What is the value of -1 - (-1 + 1 + 7 - (-130 - -141))?
3
What is the value of (-5 - -6) + 6 + -7 + 9?
9
What is the value of -4 - ((-27 - -40) + (1 - 10))?
-8
Evaluate -3 + (15 - (5 - (-11 - -9))) - -14.
19
Calculate -4 + -4 + -8 - 2.
-18
What is the value of 3 + -1 + -2 - (-119 - -131)?
-12
Evaluate -41 + 47 - (12 - 1) - (-9 + 19).
-15
47 + 1 + 1160 + -1192
16
What is the value of (-13 + -5 - (-12 - 18)) + -24?
-12
What is 32 - 35 - (-3 + -7)?
7
What is 9 + (-18 + 8 - -30) + -10?
19
Evaluate 2 - (-33 + 19 - -10).
6
What is the value of -1 + 7 - (438 - 428) - (-1 - -6)?
-9
Calculate -8 - (17 + -2 - 11).
-12
Evaluate 0 - (9 + 0) - -30 - 8.
13
What is the value of 42 + (8 - 5) - ((-8 - -32) + -14)?
35
0 + -1 + (-15 - 3) + 25
6
What is 15 + (10 + -3 + -3 - 5) + -1?
13
Calculate -3 + 2 - (15 + -6) - (-1 - -9).
-18
5 - -1 - (-28 + 39 + -6)
1
What is the value of 108 + -109 + ((1 - 2) + 4 - -12)?
14
Calculate -5 + (-17 - (-1 - 25)).
4
What is -17 + 1 - (-61 + 44)?
1
Calculate -22 + (7 - -48) + -23.
10
285 + -278 - (3 - (-2 - -1))
3
What is the value of -19 + 11 - (-4 + 0) - (17 + -4)?
-17
19 + -27 - -14 - (6 - 1 - 2)
3
What is the value of 6 + 11 + -26 + 3 + -2?
-8
-17 + 14 + -12 + 11
-4
What is (15 + -1 - 19) + 2?
-3
What is the value of 11 + (0 + (3 + 1 - 3) - 6)?
6
What is 1 + -19 - (8 + (4 - (-11 + 26)))?
-15
Evaluate (1 - (-4 - -8)) + (-33 + 75 - 17).
22
Evaluate -2 + 14 + -20 + 20 + -13.
-1
What is the value of -92 + 92 - (2 + -7) - (-2 - -1)?
6
-2083 - -2064 - (-22 + -1)
4
What is the value of -16 + (-1 - -3) + -68 + (12 - -50)?
-20
Calculate 0 + 2 + (-1 - (2 - 1) - 0).
0
What is the value of -17 - -7 - -19 - 3?
6
Calculate (10 - -10) + (-5 - -2 - (-40 + 45)).
12
What is the value of 7 - (15 + -7) - (8 + -5 - 15)?
11
Calculate (2 - (-1 + -13 + 18)) + -2.
-4
What is 2 + (31 - 7) - (4 - -3)?
19
What is the value of 5 - ((-6 - (-4 + -3)) + 2 + -7)?
9
Evaluate (-15 - (-15 - 6)) + (-1 - 1).
4
Calculate -35 - -34 - (4 + -2 + -27).
24
-220 - -243 - (0 - -29)
-6
What is 0 - 0 - (4 + 4 + 5) - -1?
-12
What is the value of (46 - 55) + 33 + -35 + 11 + -1?
-1
What is the value of (5 - (-2 - -3)) + (4 - -1 - -15)?
24
What is the value of 45 - 42 - (9 + 2)?
-8
What is the value of (0 - (0 - -42)) + (-5 + 7 - -5)?
-35
Evaluate -2 + (5 - -2) + 3 + 68 + -88.
-12
What is the value of -35 + (-6 - -3) + 6 - -9?
-23
Evaluate 24 + -28 + 7 - 8.
-5
What is -3 + 1 + 4 + 5 + -1 + -11?
-5
(-51 + 8 - -30) + 7
-6
Evaluate 11 - (7 - 13 - (-4 - 3)).
10
2 + (-4 - -6) - 7 - (0 - 5)
2
Calculate 15 + (1 - (9 + 0)) + -3.
4
-59 - (-28 + -3 - 0)
-28
Calculate 5 + ((-47 - -59) + (-1 - 7) - -5).
14
83 - 109 - (-3 + -3 - 8)
-12
What is the value of -49 + 32 - (-29 - -1)?
11
Evaluate -1 + 14 - -1 - (-368 + 387).
-5
-43 + 43 + -8 + (1 - -47 - 1)
39
(-4 - -3) + 5 + 1 + -65 + 24
-36
Evaluate (-5 + -1 - (161 + -152)) + -2.
-17
What is the value of 8 + -18 - (-1 - -3 - 3) - -12?
3
41 - 39 - (13 - 0)
-11
1 + (32 - 16) + (-1 - 8) + -1
7
Calculate (0 - 21) + -1 + 19 + 3 + -12.
-12
What is -1 - (-5 - (-5 - -8) - -11)?
-4
(-11 - -2 - (-8 - -2)) + (1 - 2)
-4
2 + (-22 - -13) + -5
-12
Evaluate 21 + (-15 - (-6 - (-10 - -20))).
22
What is 1 - (-12 + 4) - 10?
-1
Calculate 18 - 26 - (-1 - (-1 - -7)).
-1
Calculate 9 - (0 - -8 - (-36 - -32)).
-3
Evaluate 13 - (-5 + (0 - -12) - (0 + 7)).
13
(14 - 18) + (1 - -5) + -10
-8
What is -9 + 17 + 5 + -11 + 1 + -2?
1
(14 - 19) + 21 - -9
25
(-10 - 0 - -1) + 0 + 4
-5
Calculate -18 + 41 + 0 + -9.
14
Evaluate 19 + -5 + (-2 - -2 - 0).
14
Evaluate 1 + 12 - (2 - -5).
6
What is the value of -14 - (230 + -221 + (-11 - 0))?
-12
-10 - -3 - -2 - (33 + -28)
-10
(5 - (10 - 3)) + (12 - 6 - 1)
3
What is -7 + 31 + (2 - 1) + -7?
18
What is -8 + -4 - (-15 + 5)?
-2
Evaluate -4 + 6 + (-7 - (6 + -11)) + -3.
-3
Evaluate 7 - ((-6 - (-12 - -9)) + (0 - 8)).
18
What is 8 + (-8 - 39) - -28?
-11
Evaluate -17 - (-28 + 10) - (0 + -1).
2
What is the value of (-1 + -7 - (29 - 35)) + 29?
27
(3 - -5) + (-7 - (10 - 6 - 11))
8
Calculate 9 - (-7 + -9 + 10).
15
Evaluate 2 + -42 + 33 - (-5 + 2 + 1).
-5
What is the value of (-1 - (-3 - -1)) + (67 - 50)?
18
Calculate 10 - (-8 + (2 - (-8 + 1))).
9
Evaluate 44 + -57 + (2 - 10) - -6.
-15
-1 - -1 - -12 - (-49 - (-127 + 72))
6
8 + (-19 - -6) + -8 + (-1 - 7)
-21
Calculate (4 - -1 - 4 - 8) + -2.
-9
What is (318 - 318) + (-2 + 0 - (2 + -3))?
-1
0 - -9 - (-60 + 80)
-11
What is the value of 0 + -2 + 85 + -87?
-4
(-15 - (-2 + -5 + 7)) + (2 - -4)
-9
What is the value of (35 - 1) + (-45 - -9)?
-2
What is the value of (22 - (11 + 4)) + 7 - 2?
12
What is -10 - (-13 + (-15 - -9) - 6)?
15
Evaluate -7 + -1 + (13 - 5).
0
4 + -7 + (3 - 8) - -8
0
What is -3 + 2 - (-29 + 28)?
0
24 - (-21 - -59) - (2 - 3)
-13
What is the value of 56 - 63 - (-12 - 3)?
8
Evaluate (-1 - -1) + (-21 - -51) + -30.
0
Calculate 10 - (-7 + 18 - -2).
-3
What is the value of -4 + (-19 - (1 - 4) - -4) + 6?
-10
Calculate (-20 - -2) + (5 - -2 - (0 - 0)).
-11
What is -6 - (-14 - -3 - 15)?
20
-5 - (-1 + -1 + (51 - 46))
-8
-17 - ((-3 - -19) + -34)
1
-138 + 191 - (38 + 4)
11
What is 17 - (7 + -13 + 11 + 2)?
10
Evaluate (38 - 39) + (30 + -5 - 10).
14
Calculate (1 - (21 + -10 - 15)) + 1 + -20.
-14
What is the value of 705 + -702 - (-10 - -3)?
10
7 + 7 + (-30 - -15)
-1
What is the value of 38 + -31 - -7 - -13?
27
What is -1 - (7 - (9 + -7))?
-6
Evaluate 7 + -5 + 5 + 17 + (11 - 33).
2
Calculate -19 - (-48 + (18 - 1)).
12
What is the value of 18 + (-25 - -28) + -12 + -3?
6
What is -5 - 28 - -16 - -6?
-11
What is 5 - -10 - (5 + -4) - 3?
11
-32 + 25 - (-74 - -75 - (1 - 1))
-8
What is -12 - (-13 - (-11 + 7))?
-3
0 + -6 + 0 + -37 + (56 - 34)
-21
What is the value of -8 + (10 - -4 - -3)?
9
What is the value of -36 - (-4 - (-4 - -6)) - (11 - 19)?
-22
What is -3 + (2 - (7 + 1) - (34 - 40))?
-3
Evaluate (-8 - (-1 - 21)) + 3 + -10.
7
What is 12 - (38 - 26) - -27?
27
Calculate (1 - -3 - (-141 + 148)) + -16.
-19
What is the value of (-7 + -2 - -10) + -8 - (0 + 1